{"id":120,"date":"2020-03-19T13:48:56","date_gmt":"2020-03-19T16:48:56","guid":{"rendered":"http:\/\/coimp-org-br.umbler.net\/?page_id=120"},"modified":"2023-03-12T18:21:53","modified_gmt":"2023-03-12T21:21:53","slug":"contato","status":"publish","type":"page","link":"https:\/\/coimp.org.br\/site\/contato\/","title":{"rendered":"Site &#8211; Contato"},"content":{"rendered":"\t\t<div data-elementor-type=\"wp-page\" data-elementor-id=\"120\" class=\"elementor elementor-120\">\n\t\t\t\t\t\t<section class=\"elementor-section elementor-top-section elementor-element elementor-element-cdf2a96 elementor-section-boxed elementor-section-height-default elementor-section-height-default\" data-id=\"cdf2a96\" data-element_type=\"section\" data-e-type=\"section\" data-settings=\"{&quot;background_background&quot;:&quot;slideshow&quot;,&quot;background_slideshow_gallery&quot;:[{&quot;id&quot;:78,&quot;url&quot;:&quot;http:\\\/\\\/coimp-org-br.umbler.net\\\/wp-content\\\/uploads\\\/2020\\\/03\\\/abstrato-branco-e-cinza-degrade-cor-curva-fundo_48946-64.jpg&quot;}],&quot;background_slideshow_loop&quot;:&quot;yes&quot;,&quot;background_slideshow_slide_duration&quot;:5000,&quot;background_slideshow_slide_transition&quot;:&quot;fade&quot;,&quot;background_slideshow_transition_duration&quot;:500}\">\n\t\t\t\t\t\t<div class=\"elementor-container elementor-column-gap-wide\">\n\t\t\t\t\t<div class=\"elementor-column elementor-col-100 elementor-top-column elementor-element elementor-element-f3709bd\" data-id=\"f3709bd\" data-element_type=\"column\" data-e-type=\"column\">\n\t\t\t<div class=\"elementor-widget-wrap elementor-element-populated\">\n\t\t\t\t\t\t<div class=\"elementor-element elementor-element-ec853ba elementor-widget elementor-widget-heading\" data-id=\"ec853ba\" data-element_type=\"widget\" data-e-type=\"widget\" data-widget_type=\"heading.default\">\n\t\t\t\t<div class=\"elementor-widget-container\">\n\t\t\t\t\t<h2 class=\"elementor-heading-title elementor-size-default\">VENHA NOS FAZER UMA VISITA<\/h2>\t\t\t\t<\/div>\n\t\t\t\t<\/div>\n\t\t\t\t\t<\/div>\n\t\t<\/div>\n\t\t\t\t\t<\/div>\n\t\t<\/section>\n\t\t\t\t<section class=\"elementor-section elementor-top-section elementor-element elementor-element-d0e6859 elementor-section-boxed elementor-section-height-default elementor-section-height-default\" data-id=\"d0e6859\" data-element_type=\"section\" data-e-type=\"section\">\n\t\t\t\t\t\t<div class=\"elementor-container elementor-column-gap-default\">\n\t\t\t\t\t<div class=\"elementor-column elementor-col-100 elementor-top-column elementor-element elementor-element-a108033\" data-id=\"a108033\" data-element_type=\"column\" data-e-type=\"column\">\n\t\t\t<div class=\"elementor-widget-wrap elementor-element-populated\">\n\t\t\t\t\t\t<div class=\"elementor-element elementor-element-903969c elementor-widget elementor-widget-google_maps\" data-id=\"903969c\" data-element_type=\"widget\" data-e-type=\"widget\" data-widget_type=\"google_maps.default\">\n\t\t\t\t<div class=\"elementor-widget-container\">\n\t\t\t\t\t\t\t<div class=\"elementor-custom-embed\">\n\t\t\t<iframe loading=\"lazy\"\n\t\t\t\t\tsrc=\"https:\/\/maps.google.com\/maps?q=Tv.%20Mauriti%2C%202855&#038;t=m&#038;z=14&#038;output=embed&#038;iwloc=near\"\n\t\t\t\t\ttitle=\"Tv. Mauriti, 2855\"\n\t\t\t\t\taria-label=\"Tv. Mauriti, 2855\"\n\t\t\t><\/iframe>\n\t\t<\/div>\n\t\t\t\t\t\t<\/div>\n\t\t\t\t<\/div>\n\t\t\t\t\t<\/div>\n\t\t<\/div>\n\t\t\t\t\t<\/div>\n\t\t<\/section>\n\t\t\t\t<section class=\"elementor-section elementor-top-section elementor-element elementor-element-75e66ab elementor-section-boxed elementor-section-height-default elementor-section-height-default\" data-id=\"75e66ab\" data-element_type=\"section\" data-e-type=\"section\" data-settings=\"{&quot;background_background&quot;:&quot;classic&quot;}\">\n\t\t\t\t\t\t<div class=\"elementor-container elementor-column-gap-default\">\n\t\t\t\t\t<div class=\"elementor-column elementor-col-50 elementor-top-column elementor-element elementor-element-17ea7d9\" data-id=\"17ea7d9\" data-element_type=\"column\" data-e-type=\"column\">\n\t\t\t<div class=\"elementor-widget-wrap elementor-element-populated\">\n\t\t\t\t\t\t<div class=\"elementor-element elementor-element-fb032f3 elementor-widget elementor-widget-text-editor\" data-id=\"fb032f3\" data-element_type=\"widget\" data-e-type=\"widget\" data-widget_type=\"text-editor.default\">\n\t\t\t\t<div class=\"elementor-widget-container\">\n\t\t\t\t\t\t\t\t\t<h5>O COIMP<\/h5>\n<div class=\"textwidget\">O <strong>Conselho Integrado dos Munic\u00edpios Paraenses<\/strong>, \u00e9 uma organiza\u00e7\u00e3o sem fins lucrativos que tem como objetivos planejar, coordenar e assessorar as a\u00e7\u00f5es para o desenvolvimento dos munic\u00edpios.<\/div>\t\t\t\t\t\t\t\t<\/div>\n\t\t\t\t<\/div>\n\t\t\t\t\t<\/div>\n\t\t<\/div>\n\t\t\t\t<div class=\"elementor-column elementor-col-50 elementor-top-column elementor-element elementor-element-b6abacb\" data-id=\"b6abacb\" data-element_type=\"column\" data-e-type=\"column\">\n\t\t\t<div class=\"elementor-widget-wrap elementor-element-populated\">\n\t\t\t\t\t\t<div class=\"elementor-element elementor-element-7091ce7 elementor-widget elementor-widget-text-editor\" data-id=\"7091ce7\" data-element_type=\"widget\" data-e-type=\"widget\" data-widget_type=\"text-editor.default\">\n\t\t\t\t<div class=\"elementor-widget-container\">\n\t\t\t\t\t\t\t\t\t<h6>HOR\u00c1RIOS DE ATENDIMENTO<\/h6><p class=\"textwidget\">Fiquem atento ao nosso hor\u00e1rio de atendimento.<\/p><h6><b>SEGUNDA \u00c0 SEXTA<\/b><\/h6><p>De 8h \u00e0s 17h<\/p>\t\t\t\t\t\t\t\t<\/div>\n\t\t\t\t<\/div>\n\t\t\t\t\t<\/div>\n\t\t<\/div>\n\t\t\t\t\t<\/div>\n\t\t<\/section>\n\t\t\t\t<section class=\"elementor-section elementor-top-section elementor-element elementor-element-921eb73 elementor-section-boxed elementor-section-height-default elementor-section-height-default\" data-id=\"921eb73\" data-element_type=\"section\" data-e-type=\"section\" data-settings=\"{&quot;background_background&quot;:&quot;classic&quot;}\">\n\t\t\t\t\t\t<div class=\"elementor-container elementor-column-gap-default\">\n\t\t\t\t\t<div class=\"elementor-column elementor-col-50 elementor-top-column elementor-element elementor-element-c317fc3\" data-id=\"c317fc3\" data-element_type=\"column\" data-e-type=\"column\">\n\t\t\t<div class=\"elementor-widget-wrap elementor-element-populated\">\n\t\t\t\t\t\t<div class=\"elementor-element elementor-element-809f4ba elementor-widget elementor-widget-text-editor\" data-id=\"809f4ba\" data-element_type=\"widget\" data-e-type=\"widget\" data-widget_type=\"text-editor.default\">\n\t\t\t\t<div class=\"elementor-widget-container\">\n\t\t\t\t\t\t\t\t\t<h6><strong>LOCALIZA\u00c7\u00c3O<\/strong><\/h6><p>Tv. Mauriti, 2855<br \/>Entre Almirante Barroso e Av. R\u00f4mulo Maiorana<br \/>Bel\u00e9m &#8211; PA &#8211; Brasil<br \/>Bairro: Marco<br \/>CEP: 66.093-180<\/p>\t\t\t\t\t\t\t\t<\/div>\n\t\t\t\t<\/div>\n\t\t\t\t\t<\/div>\n\t\t<\/div>\n\t\t\t\t<div class=\"elementor-column elementor-col-50 elementor-top-column elementor-element elementor-element-0831a49\" data-id=\"0831a49\" data-element_type=\"column\" data-e-type=\"column\">\n\t\t\t<div class=\"elementor-widget-wrap elementor-element-populated\">\n\t\t\t\t\t\t<div class=\"elementor-element elementor-element-2ef31d4 elementor-widget elementor-widget-text-editor\" data-id=\"2ef31d4\" data-element_type=\"widget\" data-e-type=\"widget\" data-widget_type=\"text-editor.default\">\n\t\t\t\t<div class=\"elementor-widget-container\">\n\t\t\t\t\t\t\t\t\t<h6><strong>CONTATOS<\/strong><\/h6><p>(91) 3276-1666<br \/>(91) 3276-1611<br \/>coimp@coimp.org.br<\/p>\t\t\t\t\t\t\t\t<\/div>\n\t\t\t\t<\/div>\n\t\t\t\t\t<\/div>\n\t\t<\/div>\n\t\t\t\t\t<\/div>\n\t\t<\/section>\n\t\t\t\t<\/div>\n\t\t","protected":false},"excerpt":{"rendered":"<p>VENHA NOS FAZER UMA VISITA O COIMP O Conselho Integrado dos Munic\u00edpios Paraenses, \u00e9 uma organiza\u00e7\u00e3o sem fins lucrativos que tem como objetivos planejar, coordenar e assessorar as a\u00e7\u00f5es para o desenvolvimento dos munic\u00edpios. HOR\u00c1RIOS DE ATENDIMENTO Fiquem atento ao nosso hor\u00e1rio de atendimento. SEGUNDA \u00c0 SEXTA De 8h \u00e0s 17h LOCALIZA\u00c7\u00c3O Tv. Mauriti, 2855Entre&hellip;&nbsp;<a href=\"https:\/\/coimp.org.br\/site\/contato\/\" rel=\"bookmark\">Continue a ler &raquo;<span class=\"screen-reader-text\">Site &#8211; Contato<\/span><\/a><\/p>\n","protected":false},"author":1,"featured_media":0,"parent":0,"menu_order":0,"comment_status":"closed","ping_status":"closed","template":"elementor_theme","meta":{"neve_meta_sidebar":"","neve_meta_container":"","neve_meta_enable_content_width":"","neve_meta_content_width":0,"neve_meta_title_alignment":"","neve_meta_author_avatar":"","neve_post_elements_order":"","neve_meta_disable_header":"","neve_meta_disable_footer":"","neve_meta_disable_title":"","footnotes":""},"class_list":["post-120","page","type-page","status-publish","hentry"],"_links":{"self":[{"href":"https:\/\/coimp.org.br\/site\/wp-json\/wp\/v2\/pages\/120","targetHints":{"allow":["GET"]}}],"collection":[{"href":"https:\/\/coimp.org.br\/site\/wp-json\/wp\/v2\/pages"}],"about":[{"href":"https:\/\/coimp.org.br\/site\/wp-json\/wp\/v2\/types\/page"}],"author":[{"embeddable":true,"href":"https:\/\/coimp.org.br\/site\/wp-json\/wp\/v2\/users\/1"}],"replies":[{"embeddable":true,"href":"https:\/\/coimp.org.br\/site\/wp-json\/wp\/v2\/comments?post=120"}],"version-history":[{"count":43,"href":"https:\/\/coimp.org.br\/site\/wp-json\/wp\/v2\/pages\/120\/revisions"}],"predecessor-version":[{"id":4074,"href":"https:\/\/coimp.org.br\/site\/wp-json\/wp\/v2\/pages\/120\/revisions\/4074"}],"wp:attachment":[{"href":"https:\/\/coimp.org.br\/site\/wp-json\/wp\/v2\/media?parent=120"}],"curies":[{"name":"wp","href":"https:\/\/api.w.org\/{rel}","templated":true}]}}